= 28*j + 88. Let k(b) = a(b) + 20*c(b). What are the prime factors of k(7)?
2, 31
Let g be 5/(20/(-8)) + -35. Let q = 39 + g. Suppose 0*m + 168 = q*m. What are the prime factors of m?
2, 3, 7
Let l(q) = -q**3 + 7*q**2 + q + 24. Suppose 3*c = -2*c + u + 30, -8 = -4*c + 4*u. List the prime factors of l(c).
31
Let r = 701 - -478. Suppose r = 3*p - 3*z, 0 = 2*z + 13 - 3. What are the prime factors of p?
2, 97
Suppose -189761 = 229*p - 242*p. What are the prime factors of p?
11, 1327
Let s(w) be the third derivative of -11/12*w**4 - 6*w**2 + 0*w - 5/3*w**3 + 0 + 1/60*w**5. What are the prime factors of s(24)?
2, 19
Let d(x) = 4*x**2 - 5*x + 26. Let g be d(-13). Suppose 0 = -4*k + 4, g = 3*h + 5*k. What are the prime factors of h?
2, 127
Suppose 7*i = 4*a - 16388, 4*a + 26*i - 31*i - 16388 = 0. List the prime factors of a.
17, 241
Let h = -19 + 23. Suppose -4*x + h*t - 4 = 0, -t - 19 = -5*x - 4*t. Suppose 365 = 3*v - 4*s, -x*v - 69 = 3*s - 284. What are the prime factors of v?
5, 23
Let m = 71 - 65. Suppose 0 = 2*l + 10, -m*c + c + l - 1275 = 0. Let x = c + 364. List the prime factors of x.
2, 3
Let n = -135 + 143. Let p be n/(-44) - (448/(-44) + -1). Let m(h) = h**2 + 2*h + 5. List the prime factors of m(p).
2, 37
Suppose 2*v - 25*b = -26*b - 27, -b = -2*v - 25. Let f(o) = 28*o - 6. Let p be f(4). Let i = p + v. List the prime factors of i.
3, 31
Let x(f) = -166 + 223 + 32*f + 124*f. List the prime factors of x(2).
3, 41
Let d = 93 + -67. Let g be 4/d - (-209)/247. What are the prime factors of 126 - (3 - (4 + 0)) - g?
2, 3, 7
Let c(v) = -3*v**2 + 47*v - 40. Let x(h) = -7*h**2 + 91*h - 80. Let s(i) = 11*c(i) - 6*x(i). What are the prime factors of s(10)?
2, 5, 13
What are the prime factors of (3/18*-5)/((-87)/522) + 72196?
3, 41, 587
List the prime factors of -10*(-9)/180*((-819480)/(-3))/4.
5, 6829
Let t(b) be the second derivative of 0 + 4*b - 21/2*b**2 + 49/3*b**3. What are the prime factors of t(2)?
5, 7
Let a = 42198 - 25218. List the prime factors of a.
2, 3, 5, 283
Let o(r) = 20*r + 37. Let l(s) = 11*s + 18. Let j(w) = 7*l(w) - 4*o(w). Let g be j(-8). What are the prime factors of (g/(-3))/((32/1788)/(-4))?
149
Suppose x + 12 = 4*x. Let k(h) = -h**2 + 9*h - 5. Let w be k(8). Suppose -o + 20 = w*s, -x*s - 2*o + 5 = -3*s. List the prime factors of s.
7
Suppose -16 = 3*o - m - 465, 2*o - 3*m - 290 = 0. Suppose 2*n + 600 = 3*d + 211, 3*d = -2*n + 397. Suppose -o = -6*j + d. List the prime factors of j.
47
What are the prime factors of -1750*13/65*-42?
2, 3, 5, 7
Let g(f) = f**2 - 2*f + 26. Let n be g(7). Let z = -41 + n. Let v = z - -9. What are the prime factors of v?
29
Suppose -3*l - 706 = 419. Let o = -105 - l. What are the prime factors of o?
2, 3, 5
Let k = 179 - 232. Let d = 70 + -61. Let q = d - k. List the prime factors of q.
2, 31
Let k be 7/7*-501*(-1)/(-1). Let b = 735 + k. What are the prime factors of b?
2, 3, 13
Let n(r) = -13*r + 106. Let v be n(10). Suppose 2*h - 6*h = -24. What are the prime factors of (46/h)/((-8)/v)?
23
Suppose 0 = 2*u - 9*u + 77. Suppose -7*i = -u*i - 32. Let q(l) = -9*l - 15. What are the prime factors of q(i)?
3, 19
What are the prime factors of 7506 - 2/10*-2*1965/(-786)?
5, 19, 79
Let j be -30 - (-2)/(-2 - 0). Let r(c) be the second derivative of c**5/20 + 31*c**4/12 - c**3/2 - 20*c**2 - 52*c + 2. List the prime factors of r(j).
53
Suppose 5*a - 7 = -0*i - i, 0 = -2*i - 5*a + 29. Let u(n) = -n**3 + 23*n**2 - 11*n + 8. List the prime factors of u(i).
2, 5
Suppose 5*o - 15*c - 7 = -11*c, -o - 5 = -4*c. Suppose -3*v + 2061 = -o*i, 3159 = 4*v - 2*i + 403. List the prime factors of v.
691
Let w(t) = 4100*t - 1930. List the prime factors of w(6).
2, 5, 2267
Let i = -7 - -11. Suppose 2*p = -a + 6 - 14, -i*p - 16 = -4*a. List the prime factors of a + 3 + 199 + -5.
197
Suppose 20*i + 7708544 - 25268078 = -342*i. What are the prime factors of i?
3, 19, 23, 37
Suppose -p - 70376 = -4*p + 25651. List the prime factors of p.
32009
Suppose -5*s = j + 3*j - 3, -3*j = -2*s - 8. Suppose 2*n + 200 = 3*y, -j*y + n = -n - 130. What are the prime factors of y?
2, 5, 7
Suppose -11*y + 1714 - 18933 = -213624. What are the prime factors of y?
5, 3571
What are the prime factors of (-1867740)/168*(-4)/5?
2, 4447
Suppose 0 = 27*l - 236941 - 13781. What are the prime factors of l?
2, 4643
Let j be (21/(-14))/(1/86)*-7. Suppose j + 5857 = 20*g. List the prime factors of g.
2, 13
Let k(o) = 7*o + 2. Let z = 133 - 86. Let s = -39 + z. What are the prime factors of k(s)?
2, 29
Suppose -2*n - 13334 = -3*w, 5*w + n = -3421 + 25666. What are the prime factors of w?
2, 139
Let t(a) = -a**3 + 71*a**2 - 147*a + 57. List the prime factors of t(50).
3, 5023
List the prime factors of 72449/3 - (64/24 - 2).
19, 31, 41
Suppose 5*i + 10 = 0, 7*d - 11*d + 3*i = 18. Let l(f) = -121*f - 30. List the prime factors of l(d).
2, 3, 29
Let s = -1334 + 6306. What are the prime factors of s?
2, 11, 113
List the prime factors of (-26 + -1)*12543/(-339).
3, 37
Suppose t - 78 = 1310. Suppose -2*i = 4*h - t, 3*h - 351 = -2*i + 689. Let a = h - 97. List the prime factors of a.
251
Let b = -34 - -37. Let y(p) = 268*p + 43. What are the prime factors of y(b)?
7, 11
Let y be 1/(15/(-7) + 2). Let w(d) = d**2 + 7*d + 1. Let g be w(y). List the prime factors of 0/g - (-10 + -10).
2, 5
Let y(b) = -b**3 - 3*b**2 + 7*b + 3. Let q be y(-3). What are the prime factors of 1240/28 + q/63?
2, 11
List the prime factors of (-668836)/(-34) - (-1338)/3791.
2, 2459
Suppose 3*z + j - 8 = 0, -4*z + 3*j = -0*j - 28. Suppose 572 + 31 = 2*v + q, z*v - 2*q = 1210. Suppose -4*t + 42 = -v. What are the prime factors of t?
2, 43
Let p = 7635 - 6390. List the prime factors of p.
3, 5, 83
List the prime factors of (-64216)/(-10)*1245/166.
2, 3, 23, 349
Let y(c) = 8*c + 19. Let h be y(9). Let w = 92 + h. What are the prime factors of w?
3, 61
Suppose 0 = -2*b - 41 + 43. What are the prime factors of (569*(-4)/(-20))/(b/5)?
569
Let d = -17 - -3. Let p(b) = -b**3 - 15*b**2 - 15*b - 14. Let l be p(d). What are the prime factors of l + 21/7 + 25*1?
2, 7
Suppose -18*o = 84149 - 239003. List the prime factors of o.
7, 1229
Let b = -7760 + 11834. What are the prime factors of b?
2, 3, 7, 97
Let b(q) = 37*q**2 - 10*q - 57. What are the prime factors of b(-25)?
2, 89, 131
Let c(o) be the first derivative of -311*o**2/2 + 18*o - 19. What are the prime factors of c(-1)?
7, 47
Suppose -5*j = 4*h - 1, -9*j = 2*h - 6*j + 1. Suppose -4 + 20 = 2*k + 4*g, 0 = -h*k + 3*g + 43. What are the prime factors of (k/30 - 179/(-3)) + -3?
3, 19
Let p(i) = -126*i**3 + 3*i**2 + 3*i - 6. Let x be p(1). What are the prime factors of (-6)/27 - 23476*7/x?
2, 163
Suppose -40 = g - 9*g. Suppose 2*l + l = 5*d - 1605, g*d - l - 1595 = 0. What are the prime factors of d?
2, 3, 53
Let c be 4 + 3/((-21)/112). Let g(d) = -35*d - 118. List the prime factors of g(c).
2, 151
Suppose -x - 1400 = 9*x. Let f = x - -275. Suppose -6*n + f + 111 = 0. What are the prime factors of n?
41
Suppose 3*i + 5*w - 1515 = 2*w, 2*w = -10. Suppose 12 = 26*s - 22*s. Suppose -s*g + 8*g = i. What are the prime factors of g?
2, 3, 17
Let k be ((-42)/(-5))/(66/1980). Let v = 266 - k. List the prime factors of v.
2, 7
Let h(b) = b**3 + 32*b**2 - 11*b + 12. What are the prime factors of h(-16)?
2, 3, 7, 17
Let m(g) = 1882*g**2 + 39*g - 68. List the prime factors of m(2).
2, 3769
Suppose 0 = 2*y - p + 1722, p - 20 = 6*p. Let n = -387 - y. What are the prime factors of n?
2, 7, 17
Let b be (-1263)/6 + 0 + (-10)/4. Let z = b - -378. List the prime factors of z.
3, 5, 11
Suppose 3*z - 4*h - 110092 = 0, -2*h - 2*h + 146836 = 4*z. What are the prime factors of z?
2, 31, 37
Suppose 0 = k - 8944 - 9487. List the prime factors of k.
7, 2633
Suppose -3*c + 8*b + 72131 = 12*b, 0 = 2*c + 5*b - 48106. List the prime factors of c.
3, 8011
Suppose -37*c - 78*c + 462530 = 0. List the prime factors of c.
2, 2011
What are the prime factors of ((220 - 12) + -1)*(-86)/(-6)?
3, 23, 43
Suppose 26*d - 6512 = -18*d. Let n = 57 + -157. Let s = n + d. What are the prime factors of s?
2, 3
Let y be (-27)/18 + (2 - (-15)/2). Let d(n) = y*n**2 + 9*n - 4*n + 45 + 11*n. List the prime factors of d(-6).
3, 79
Let t(i) = -12*i**3 - 36*i**2 - 299*i + 21. What are the prime factors of t(-9